- 24. Let n(u) = 5*b(u) - 2*f(u). Calculate n(m).
8
Let c(t) = 7483 - 7485 + 7*t + t. Determine c(-2).
-18
Suppose 5*b - 10 = -5*v, b - 6*b - 4*v + 6 = 0. Let f be (-12)/(-18)*(-15)/b. Let z(l) = l**3 - 6*l**2 + 5*l + 1. Calculate z(f).
1
Let i(n) be the first derivative of -4*n - 1/3*n**3 + 40 - 5/2*n**2. What is i(-3)?
2
Let m be -1 + 3 - 3 - -1. Suppose m = -9*x + 3*x + 66. Suppose 2*v = -w + 1, -5*w - 10 - x = -3*v. Let u(l) = -l**3 + 4*l**2 - 2*l - 1. Determine u(v).
3
Let c(f) be the third derivative of -1/60*f**5 - 1/6*f**3 + 0*f - 1/4*f**4 + 0 + 25*f**2. Determine c(-6).
-1
Let w(l) = -3*l + 19. Suppose -y - 15 = -2*h, -2 = 8*y - 6*y. Determine w(h).
-2
Let o(r) be the third derivative of -r**5/60 + 5*r**4/8 - r**3/6 + 178*r**2. What is o(15)?
-1
Let p(v) be the second derivative of v**4/12 + v**3/2 + v**2/2 - 7*v. Let m be (-168)/78 + 6/39. Determine p(m).
-1
Let s(a) = -a**2 + 36*a + 42. Suppose -5*z = -45*z + 1480. Give s(z).
5
Suppose 5*t = s - 0*s + 10, 2*s + 4*t = 22. Let k(g) = 2*g - 6*g - 3*g + s + 6*g. Suppose 2*c = 4 + 6. What is k(c)?
0
Let t(l) = -3*l**2 + 7 + 0*l**2 - 3*l**2 + l**2 + 6*l**2 + 3*l. Give t(-3).
7
Suppose 0 = -3*n + 12 - 0, n = -r + 9. Let c(o) = 5*o + r*o - 1 + 0*o - 7*o - o**2. Determine c(5).
-11
Let m(v) be the second derivative of -1/12*v**4 - 4*v**2 - 10*v - 4/3*v**3 + 0. Give m(-7).
-1
Suppose 0 = -a - 0*g - 5*g + 26, -13 = -3*a - 2*g. Let q(k) be the third derivative of -7*k**5/60 - k**4/24 + k**3/6 + 487*k**2. What is q(a)?
-7
Suppose 31*o - 33*o + 3*x + 11 = 0, 4*x = -3*o + 8. Let y(v) be the second derivative of -5/6*v**3 + 1/12*v**o + 0 + 5/2*v**2 + 5*v. What is y(4)?
1
Let g(t) be the first derivative of -t**4/4 + 2*t**3 + 4*t**2 - 9*t - 10. Let z be (-20)/(0 + 2 - 3). Suppose 8 = 4*q - z. What is g(q)?
-2
Let m(d) = d**2 - d + 16. Suppose -2*l + 4 = -l. Suppose -2*v = -l*v. Give m(v).
16
Let x(t) be the first derivative of 1/2*t**2 - 7*t - 14 - 1/4*t**4 + 0*t**3. What is x(0)?
-7
Let w(h) = h**3 + 1 + 3 + 22*h - 7*h + h**2 - 14*h. Determine w(0).
4
Let n(c) = 3 + 0*c**3 + c**3 - 10 + 6*c**2 - 3*c. Let q(s) = -29*s + 23. Let g be q(1). Give n(g).
11
Suppose -p + 10 = 6, -5*x + 41 = 4*p. Let h(m) = -3*m - 5. Determine h(x).
-20
Let t(c) = c**3 - 3*c**2 - 3*c - 3. Let l = -52 + 36. Let x = 8 + l. Let n(r) = -3*r - 20. Let v be n(x). Give t(v).
1
Let r(h) = 3*h + 1. Let i be (4/3)/(4/9). Let o be (-4 + (3 - i))/1. Give r(o).
-11
Let a(h) = h + 0*h - h**2 - 3 - h**2 + h**3. Suppose 5*j - 6 = -5*l + 9, 0 = -2*l + 4*j + 12. Let o be ((18/l)/3)/((-1)/(-2)). Calculate a(o).
9
Let z(r) = -5*r**3 + 6*r**2 + 5*r - 15. Let p(m) = -14*m**3 + 17*m**2 + 14*m - 43. Let v(y) = 6*p(y) - 17*z(y). Determine v(0).
-3
Let p(n) = -2*n**3 + 3*n**2 + 3*n + 3. Let s(q) = -14*q + 101. Let c be s(7). Give p(c).
-15
Let q be 6/(-4)*6/9. Let f(d) = -16*d**2 - 31*d - 31. Let c(b) = 4*b**2 + 7*b + 7. Let s(x) = -9*c(x) - 2*f(x). What is s(q)?
-4
Let a(b) = 4*b + 5. Let r(m) = m**2 - 11*m + 22. Let t be r(4). Calculate a(t).
-19
Suppose -p + 5*l - 4 = 0, 12 = -2*p - p - l. Let n be 2 + 0 - (0 + -1). Let x(y) = n*y - 2 - 3 - 2*y. Give x(p).
-9
Let s(q) = 3*q + 9. Let i be 1584/(-168) - 12/(-28). Give s(i).
-18
Let s(w) = 3*w - 2. Let n = -55 + 77. Suppose -m = -3*t + n, -3*t + 2*m + 30 = -m. Suppose 3*k = 6*k - t. Calculate s(k).
4
Let h(k) = -11*k**3 + 4*k**2 - 4*k - 3. Let l(m) = 24*m**3 - 8*m**2 + 8*m + 6. Let s(q) = -13*h(q) - 6*l(q). What is s(-5)?
8
Let f = -196 - -192. Let a(d) = 5*d - 2*d + 6 + 0*d. Give a(f).
-6
Let w be 2/(-8) + (-69)/12. Let j be 3/2 + 9/w. Let x(y) = j + 6 + y**2 + 5*y - 13*y. Calculate x(5).
-9
Suppose 7*f = 2*p + 2*f - 13, 5*p - 24 = 4*f. Let j(k) = -k**3 + 5*k**2 + 4. What is j(p)?
20
Let c(o) = 8*o + 2. Let d(j) = -2*j**3 + 2*j**3 - 6*j + 6 - j**3 + 5*j**2 + 0*j**2. Let r be d(4). Calculate c(r).
-14
Let b(w) = -w + 6. Suppose -3*c = -6, -3*x - 5*c = -6*x + 5. Determine b(x).
1
Let k(q) = 9*q**3 + 8*q**2 + 7*q - 1. Let n(a) = -16*a**3 - 16*a**2 - 14*a + 1. Let y(w) = -7*k(w) - 4*n(w). Give y(-7).
3
Let b(u) be the first derivative of u**4/4 + 7*u**3/3 - 5*u**2 - 11*u - 283. Suppose -t + 3*t + 16 = 0. Give b(t).
5
Let w(y) = y**2 + 2*y + 3. Let v(b) = b**2 - 8*b - 2. Suppose 11 = 2*d + a, -10*d + 5*d + 20 = 4*a. Let l be v(d). Determine w(l).
3
Let b(j) = -2*j + 2. Let v(y) = y - 1. Suppose -21*q + 22*q = -3. Let g(f) = q*b(f) - 5*v(f). What is g(4)?
3
Let w be (16/(-12))/(2/(-6)). Suppose 0 = 3*f - f - i + 5, 2*i + 30 = -w*f. Let g(a) = a**2 + 5*a - 3. Give g(f).
-3
Let j(z) be the third derivative of 0*z + 0*z**3 - 5*z**2 + 0 - 1/24*z**4. Let m be j(-5). Let s(h) = 2*h + 6. What is s(m)?
16
Let r(z) = -z + 2. Let t = -37 - -41. Calculate r(t).
-2
Let m(g) = -5*g + 28. Let d(k) = 10*k - 58. Let l(t) = -4*d(t) - 9*m(t). Determine l(9).
25
Let o(k) be the second derivative of -k**4/12 - 7*k**3/6 - 3*k**2/2 - k - 46. Determine o(-7).
-3
Let n(j) = 81*j + 634. Let h be n(-8). Let f(x) = 3*x + 31. Calculate f(h).
-11
Suppose -2*c = 4*s - 18, -23 - 7 = -4*c - 2*s. Suppose 3*i + 5*o - 35 = -c, 19 = 4*i + 3*o. Suppose -17 = -3*m + i. Let k(a) = a**2 - 6*a - 6. What is k(m)?
-6
Let c(m) = -9*m - 21. Let q(g) = 8*g + 16. Let r(y) = -4*c(y) - 5*q(y). Give r(6).
-20
Let i be (-4)/(-6) - (-64)/(-24). Let n be ((-12)/21)/2*-7. Let c be (-5)/(i/n) - 3. Let p(j) = j**3 - 5*j**2 + 2*j + 2. Determine p(c).
-6
Let j = -20 - -28. Suppose -4*x - j = 4*n, -x - 20 = -n - 26. Let u(l) be the third derivative of l**6/120 - l**5/30 + l**4/12 + l**2. What is u(x)?
4
Let v(p) be the second derivative of 15*p + 0*p**2 - 1/3*p**3 + 0. What is v(6)?
-12
Let b be 46 + (-2 - 2) + 2. Let g = 35 - b. Let t(y) = -y**3 - 10*y**2 - 10*y - 5. Determine t(g).
4
Let y(a) be the first derivative of -1/30*a**5 - 1/8*a**6 + a**2 + 1/6*a**3 - 4 + 0*a + 0*a**4. Let b(m) be the second derivative of y(m). What is b(-1)?
14
Let s = 15 + -7. Let k(d) = -6 + 5*d - s*d + 2*d. Let o = 50 - 56. Calculate k(o).
0
Let t(h) = h**3 - 2*h**2 + 3*h - 15. Let y be t(4). Let l(f) = f**3 + y + 3*f**2 + 3*f + 2*f - 28 - 4*f. Calculate l(-3).
-2
Suppose -8*r + 7*r + 3*g - 10 = 0, 17 = -2*r + 5*g. Let s(j) = -6*j + 7*j**2 - 2 + 1 + 4*j. What is s(r)?
8
Let g(b) = b**2 - 2*b - 4. Suppose -2*h - 30 = -0*h. Let s be (h/25)/((-2)/40). Let c = s + -15. Give g(c).
11
Suppose 13 = l - 2*l - 3*d, -20 = 4*d. Let r be (1 + 0)*(-2 - -5). Let o(a) = r*a + 0 - l*a**2 + 2 + 0. What is o(3)?
-7
Let c = -72 - -75. Let l(z) = 0 + z + 4 + c. Determine l(-5).
2
Let a(p) be the third derivative of p**6/120 - 3*p**5/20 - p**4/24 + 13*p**3/6 - p**2. Suppose 12 = -7*t + 10*t - 5*s, s = -2*t + 21. Calculate a(t).
4
Let d(a) be the first derivative of a**4/4 - 2*a**3/3 - 2*a - 2. Let o = 20 + -20. Suppose 3*g - 6 - 3 = o. Determine d(g).
7
Let g(x) be the second derivative of 0 - 1/3*x**3 - 3/2*x**2 - 16*x - 1/12*x**4. What is g(-3)?
-6
Let q be 15*(-1 + (-40)/(-12)). Suppose 3*z = -2*w - 94 + q, w = z - 17. Let a be (2*6)/(w/(-11)). Let r(t) = t**3 - 6*t**2 + t - 3. What is r(a)?
3
Let a be 3/1 - (-2 + 3). Let w(j) = 9*j**3 - 2*j**2 + 1 + 3 + 4*j**a + 3*j**2. Let i(r) = 10*r**3 + 6*r**2 + 5. Let o(f) = 4*i(f) - 5*w(f). What is o(-1)?
4
Let g(a) = a - 1. Let x = 22 + -25. Let c be (-1)/(-2*x/54). Let d be 9/(-6)*24/c. Calculate g(d).
3
Let i(c) = -2*c**2 - 1. Suppose -4*w + 2 = 4*s - 22, 4*s - 22 = -3*w. Give i(w).
-9
Let j(h) be the first derivative of -2*h**3/3 - h**2/2 + 2*h + 2. Suppose -24 = 3*p - 5*m, 2*p + p = 2*m - 15. What is j(p)?
-13
Suppose 0 = -a - 0*a - 7. Let o(c) = -c**2 - 8*c + 5. Let f be o(a). Let m = f + -14. Let p(l) = l + 3. Calculate p(m).
1
Suppose 0 = 20*s + 20*s + 160. Let o(c) = c**3 + 5*c**2 + c - 3. What is o(s)?
9
Let a(m) = -m**2 - 3*m + 4. Let o(k) = 2*k**2 + 4*k - 7. Let n(v) = 5*a(v) + 3*o(v). Let u(f) = -4*f**2 + f. Let w be u(1). Determine n(w).
17
Let w(b) = -406*b + 252. Let r(p) = 36*p - 23. Let s(t) = 56*r(t) + 5*w(t). Give s(-2).
0
Let y(n) = -n - 2. Let w = -14 - -14. Suppose w*x + 3*i = -3*x + 18, -5*x + 12 = -i. What is y(x)?
-5
Suppose -20*y = -19*y + 5. Let n(j) = 2*j + 5. Let f(m) = -m. Let a(b) = y*f(b) - n(b). Let c = -10 + 14. What is a(c)?
7
Let x(a) = a + 14. Let p be x(-5). Let d(g) = g**2 - 2*g + 2. Let u(f) = -f**3 + 14*f**2 - 